4*k + 2*s + 293 + 167 = 0, 3*k - j = s. List the prime factors of k.
113
Let g(s) = -40*s + 6*s - 201 - 48*s. List the prime factors of g(-18).
3, 5, 17
Suppose 68*o - 9*o - 165200 = 0. What are the prime factors of o?
2, 5, 7
Let p be (-7)/3*(1065/105 + -11). Suppose 0 = -p*w - 4*h + 3070, -4*w + 1333 = 4*h - 4807. List the prime factors of w.
5, 307
Suppose -4*f = 3*z - 16 - 4, -5*f - 13 = -z. Suppose -16*p + 1496 = -z*p. List the prime factors of p.
11, 17
Suppose -46*r + 39*r + 39*r = 186240. What are the prime factors of r?
2, 3, 5, 97
Let s = 45197 - 18499. What are the prime factors of s?
2, 7, 1907
Suppose -3*q + 5729 = 5*s, 817*s = 818*s - 1. List the prime factors of q.
2, 3, 53
Let c = -26677 - -39005. What are the prime factors of c?
2, 23, 67
Suppose 29*j - 106028 = 60*j - 35*j. List the prime factors of j.
13, 2039
Let y be 116*2/((-24)/21). Let a = y - -592. What are the prime factors of a?
389
Suppose -101*u = -20*u - 2237058. What are the prime factors of u?
2, 3, 4603
Let f(d) be the third derivative of d**4/24 + 299*d**3/3 - 40*d**2. List the prime factors of f(0).
2, 13, 23
Let c = -18 + 20. Suppose -3*k = -4*n + k + 8, -n = -4*k - c. List the prime factors of 810/42 - n/7.
19
Let a(q) = 141*q**2 + 3*q - 3. Let o = 16 + -32. Let u = -15 - o. What are the prime factors of a(u)?
3, 47
Let a(w) be the third derivative of 23*w**5/60 + w**4/12 + w**3/3 + 5*w**2. List the prime factors of a(-3).
7, 29
Let r(q) = -2*q**3 + 68*q**2 - 37*q + 26. List the prime factors of r(27).
7, 1319
What are the prime factors of 17608/3*((-1746)/776)/(3/(-14))?
2, 7, 31, 71
Let z = -6385 - -18075. What are the prime factors of z?
2, 5, 7, 167
Suppose 16099 = 31*c - 128795. List the prime factors of c.
2, 3, 19, 41
Suppose 3 = -2*r + 11, 0 = 3*c + 3*r - 12. Suppose c*y = -2*y + 34. Suppose x = 99 - y. List the prime factors of x.
2, 41
Let a = 68542 - 23278. List the prime factors of a.
2, 3, 23, 41
Let k be (-576)/(-160) + 4/10. Suppose -5*r = k*d - 3692, r = 10*d - 8*d - 1860. What are the prime factors of d?
2, 29
Let f(v) be the first derivative of 36*v**3 + 9*v**2/2 + 15*v + 60. List the prime factors of f(-2).
3, 11, 13
Let q(c) be the third derivative of 31*c**4/24 - 11*c**3/6 - c**2. Suppose 5*o = -5*k + 65, -63*o - 37 = -4*k - 62*o. List the prime factors of q(k).
13, 23
Let u(s) = -86*s - 284. Let g(v) = -v**3 - 6*v**2 - 12*v - 25. Let m be g(-4). What are the prime factors of u(m)?
2, 5, 7
Let s(m) = m**2 + 5*m - 2. Let h be s(-5). Suppose -5*l = 3*j - 7*l + 11, -8 = j - 5*l. What are the prime factors of j*(h*(-2)/4 + -82)?
3
Suppose w + 218 = 3*w + 3*z, -z - 408 = -4*w. Suppose -4*q - y + 208 = 0, -3*q + 71 = -2*q + 5*y. Let v = w - q. List the prime factors of v.
2, 13
Let h = -33 + 35. Suppose p - 2*p = -a + 171, -a + 176 = -h*p. Suppose a + 262 = 4*g. List the prime factors of g.
107
Let l = -23830 + 36306. What are the prime factors of l?
2, 3119
Let v(p) be the second derivative of 0 - 23*p**2 + 11/6*p**3 - 10*p. List the prime factors of v(19).
163
Suppose -3*p - 1218 = -k + 5706, 4*k - 27722 = -p. List the prime factors of k.
2, 3, 5, 7, 11
Let z = 450 + -411. What are the prime factors of ((-18)/(-21))/(z/53326)?
2, 293
Suppose 0 = -3*o - 15, -4*d - 14*o = -19*o - 76189. List the prime factors of d.
3, 11, 577
Let r = 4530 - 2390. Suppose -3*o + r = -5*c, c + 417 = o - 295. What are the prime factors of o?
2, 5, 71
Let y(r) = r - 1. Let o be y(4). Let g be (447/5)/(13/65). Suppose -5*u = -4*b - 0*u + 598, -o*u = -3*b + g. What are the prime factors of b?
3, 7
Suppose 0 = -6*p - 39 + 111. Let s(w) = 105 + 2*w - 13*w**3 - 2 + p*w**3 - w**2. What are the prime factors of s(0)?
103
Suppose 3*a - 2 = 2*a. Suppose 8 + 2 = -a*c, 0 = -3*o - 2*c + 1001. List the prime factors of o.
337
What are the prime factors of (0 - (-441)/18)/(-3 - 2047/(-682))?
7, 11, 31
Let v = 415 - 322. What are the prime factors of 1/((2/1461)/(62/v))?
487
Suppose 28734 = -22*d + 118736. List the prime factors of d.
4091
Suppose 5*d + 31 = 6, -z - 3*d + 31382 = 0. What are the prime factors of z?
31397
Let k = -97 + 96. Let b be k/((24/(-1146))/(-4)). Let y = -89 - b. List the prime factors of y.
2, 3, 17
Suppose 71*x - 72*x - f + 39 = 0, -x = 3*f - 37. Let t be 0/3 - 2*-1. Suppose -t*h = -208 + x. List the prime factors of h.
2, 3, 7
Let v be (-21)/(-6) + (-12)/24. Suppose -14*d + 4983 = -v*d. List the prime factors of d.
3, 151
Let c(u) = -u**3 - 10*u**2 - 6*u - 11. Let j be c(-10). Suppose -51*r = -j*r + 160. Let n = r - -194. What are the prime factors of n?
2, 3, 19
Suppose 4*u = 3*s - 49, 2*u + 22 = 2*s - 8. Suppose 0 = -h + 2*z + s, 0*z - 4*z - 31 = -5*h. List the prime factors of 1416/18 + 1/h.
79
Let x(o) = 7*o**3 + 12*o**2 - 31*o**2 - 36*o**2 - 11*o - 10. List the prime factors of x(9).
7, 11
Let x(w) = -11*w**2 - 2*w + 4. Let o be (-3 + 6)*8/12. Let c be x(o). Let u = -2 - c. What are the prime factors of u?
2, 3, 7
Let r(d) = 11 + 171*d - 450*d - 12*d - 473*d. What are the prime factors of r(-1)?
5, 31
Let j(p) = 2*p**3 + p**2 - 5*p + 7. Let z = -61 - -64. Let a be j(z). What are the prime factors of (63 + 0 + 2)*88/a?
2, 13
Let x(o) = -7353*o + 5782. What are the prime factors of x(-4)?
2, 17597
Suppose 37*l + 35962 = 2884. Let z = 2229 + l. List the prime factors of z.
3, 5, 89
Suppose 4*j = 9*j - 120. Suppose 1788 = j*v - 21*v. Suppose 4*g = v - 116. List the prime factors of g.
2, 3, 5
What are the prime factors of 20*-5*(11 + -45)?
2, 5, 17
Suppose k + 0*k + a - 55 = 0, 5*a = -k + 63. Suppose -k = -2*b - 47. Suppose 3*r - 778 = -2*h, 0 = b*h + 2 + 1. What are the prime factors of r?
2, 5, 13
Suppose -94*u + 115 = -71*u. Suppose -u*b + 5342 = 1857. List the prime factors of b.
17, 41
Let j(t) = -5*t**2 - 22*t + 100. Let m be j(5). List the prime factors of m/(-21)*(0 - -7).
3, 5
Let y(t) = 35*t**2 + 42*t - 286. List the prime factors of y(26).
2, 13, 941
What are the prime factors of 172761/7 - (-234)/273?
3, 19, 433
List the prime factors of (-15446 + 1)/(((-667)/(-46))/(-29)).
2, 5, 3089
Let n(m) be the first derivative of -12 + 28*m + m**3 - 13/2*m**2. What are the prime factors of n(6)?
2, 29
What are the prime factors of (28/5)/((-2004)/(-12973395))?
7, 5179
Suppose 0 = 2*l - 4*n - 50, 4*n - 42 = 3*l - 5*l. Let q(a) = a**3 - 24*a**2 + 23*a + 6. Let o be q(l). Let d(w) = 15*w + 18. What are the prime factors of d(o)?
2, 3
Let j(o) = 9*o + 22. Let q be j(-2). What are the prime factors of (-1)/8*q + (-2682)/(-4)?
2, 5, 67
Let h(p) = p**3 - 7*p**2 + 10*p + 6. Let j be h(5). Suppose j*i - 266 = 364. What are the prime factors of i?
3, 5, 7
Suppose -17084 = -4*x + 4*l, -128*x + 8542 = -126*x + 5*l. What are the prime factors of x?
4271
Let o(m) = 22*m - 45. Let c(h) = -65*h + 135. Let b(f) = 3*c(f) + 8*o(f). List the prime factors of b(-38).
13, 59
Let w(z) be the third derivative of 103*z**4/6 - 65*z**3 - 221*z**2 + z. List the prime factors of w(5).
2, 5, 167
Let y(x) = -5*x + 12. Let a be y(5). Let o = a + 17. Suppose -4*d - 16 = -o, -4*d = 2*p - 138. List the prime factors of p.
3, 5
List the prime factors of 39*1/13 - (-652)/1.
5, 131
Let t(n) = 6*n**2 + 89*n - 54. What are the prime factors of t(-47)?
71, 127
Let t(i) = 17*i**2 - 3*i - 27. What are the prime factors of t(-6)?
3, 67
Let v = -31 - -3655. What are the prime factors of v?
2, 3, 151
Suppose 71*w - 2387322 - 65231 = 0. What are the prime factors of w?
34543
Let k(o) = 103*o**2 - 3*o - 1. Let b be k(4). Suppose -5*q + 2*q = -b. Suppose 6*r + q = 11*r. What are the prime factors of r?
109
Suppose 987 = 8*m - 165. What are the prime factors of m?
2, 3
Suppose -4*u + 5*u + 3*h = 5, -12 = -u + 4*h. Let r be u/((-192)/(-18)) + 34/8. Let l(i) = 3*i**2 - 2*i + 15. List the prime factors of l(r).
2, 5
Suppose 38*g + 41764 = 164390. What are the prime factors of g?
7, 461
Let k(q) = -6 + 1 + 0 + 2*q. Let y be k(-3). Let x(v) = -17*v - 26. What are the prime factors of x(y)?
7, 23
Let u be (-33)/(-12) - 2/(24/9). Suppose 3*p - 3365 = -5*h - 0*p, -u*h - 4*p + 1332 = 0. List the prime factors of h.
2, 13
Suppose 3*m = -5*b - 2*m - 1160, b = -3*m - 238. Let k = 109 + b. What are the prime factors of ((-136)/(-85))/((-1)/k)?
2, 3
Suppose 58*l + 154535 = 89*l. List the prime factors of l